 - 3bb6?
-3ba6
In base 14, what is 2473 - b?
2466
In base 10, what is 5 - 135067?
-135062
In base 16, what is -1f + -3ca?
-3e9
In base 8, what is -44 - -4210?
4144
In base 2, what is -10000100101100 - 0?
-10000100101100
In base 6, what is 352301 + 12?
352313
In base 10, what is -23 - -7420?
7397
In base 15, what is -13700d - -7?
-137006
In base 11, what is -102 + -2721?
-2823
In base 13, what is 6488 - 5?
6483
In base 3, what is -101012 + 221011?
112222
In base 10, what is 88063 + -33?
88030
In base 15, what is -15354 + -2?
-15356
In base 8, what is -3 + -56237?
-56242
In base 15, what is -9a - -7d?
-1c
In base 4, what is 11211203 + 10?
11211213
In base 2, what is 100001001 - -100000011001?
100100100010
In base 15, what is c - -85e52?
85e5e
In base 11, what is -228a - 58?
-2337
In base 13, what is -27 + 1a61?
1a37
In base 2, what is 0 - 11000000010101100?
-11000000010101100
In base 6, what is -31340 - -13?
-31323
In base 15, what is -281 - 2?
-283
In base 8, what is -61405 - 3?
-61410
In base 8, what is -14 + 1555?
1541
In base 2, what is -1001 + -1000110100011?
-1000110101100
In base 14, what is 19 + 9479?
9494
In base 2, what is 100100111001101101 + -100?
100100111001101001
In base 15, what is 0 - 2d94?
-2d94
In base 2, what is 1101111 + 1110011010010?
1110101000001
In base 14, what is -12dc - d?
-130b
In base 6, what is 34001151 - -3?
34001154
In base 3, what is -12 - -10011010201102?
10011010201020
In base 7, what is 5 + 15453516?
15453524
In base 6, what is 2 + 23145054?
23145100
In base 15, what is -4 + -4316?
-431a
In base 6, what is -10205 + 21335?
11130
In base 9, what is 240257 + -3?
240254
In base 12, what is 19341 - 19?
19324
In base 9, what is 161 + -487?
-326
In base 10, what is 0 - 714520?
-714520
In base 16, what is -92 - 7?
-99
In base 6, what is 235041 - 4?
235033
In base 6, what is -3 - -15224032?
15224025
In base 7, what is -5 + 15406132?
15406124
In base 12, what is -35317a - 0?
-35317a
In base 2, what is 100000101000 - 11101?
100000001011
In base 15, what is -18e5 - 5?
-18ea
In base 6, what is 3 - -11435245?
11435252
In base 13, what is -20cb72 - 5?
-20cb77
In base 15, what is -13 - -12128?
12115
In base 8, what is -37 - -777?
740
In base 4, what is -113000012102 + 2?
-113000012100
In base 4, what is 1 + 1101221?
1101222
In base 5, what is 23314 - 120014?
-41200
In base 11, what is 1893 - -35?
1918
In base 10, what is 2 + -5909?
-5907
In base 15, what is 24 - 12ec?
-12c8
In base 7, what is -2150416 - -2?
-2150414
In base 12, what is -1 + -15662a?
-15662b
In base 7, what is -3536544 + -3?
-3536550
In base 14, what is -6a + -237?
-2a3
In base 13, what is 4b + 12c?
17a
In base 7, what is 36 + -321?
-252
In base 4, what is -1130 + -2?
-1132
In base 15, what is -2 + -2aa?
-2ac
In base 10, what is 2612 - -20?
2632
In base 15, what is -6d + 1eb?
17d
In base 14, what is -589 + 20?
-569
In base 8, what is -224 + 5113?
4667
In base 2, what is -110010111111 - -10001111?
-110000110000
In base 16, what is 26 - 64?
-3e
In base 14, what is -32836 - -1?
-32835
In base 13, what is -1 + 715a?
7159
In base 10, what is 781 + -5?
776
In base 7, what is -5324 - 3?
-5330
In base 7, what is -1 + 2656510?
2656506
In base 16, what is 182a - 4?
1826
In base 7, what is 11 - -1120325?
1120336
In base 3, what is 10220212210 - 210?
10220212000
In base 4, what is -13323 + 1000?
-12323
In base 8, what is 0 - 5537?
-5537
In base 10, what is 795926 - 5?
795921
In base 11, what is 1aa8 + 11?
2009
In base 5, what is -3401 - -4200?
244
In base 9, what is -1174 + 44?
-1130
In base 12, what is -12a8 + b?
-1299
In base 2, what is -11001 - -1101101101001110?
1101101100110101
In base 10, what is 24518 - 0?
24518
In base 3, what is -10221212 + -2?
-10221221
In base 5, what is -10 - -3114324?
3114314
In base 13, what is 558c - -4?
5593
In base 6, what is 2044312 - -4?
2044320
In base 3, what is 1001 + 101101102?
101102110
In base 6, what is -30342 - -4052?
-22250
In base 13, what is 7 - 986?
-97c
In base 2, what is -10 - -101111100111?
101111100101
In base 3, what is -11 - 1101111?
-1101122
In base 9, what is 6 - 25547?
-25541
In base 11, what is 0 - -590422?
590422
In base 12, what is 4 - -2a005?
2a009
In base 15, what is 4765 + 4?
4769
In base 5, what is 204114 - -10?
204124
In base 13, what is -37a1 - 5?
-37a6
In base 15, what is 27cc2 - 0?
27cc2
In base 8, what is 1 - -212?
213
In base 9, what is 72 - -231?
313
In base 3, what is 110122221201 - 11?
110122221120
In base 15, what is -9 + 7553?
7549
In base 8, what is 1734 + 1156?
3112
In base 16, what is b319 - 6?
b313
In base 11, what is 55 - -120?
175
In base 16, what is -3f70c - 2?
-3f70e
In base 15, what is 1ba - 3?
1b7
In base 14, what is 30d - -459?
768
In base 7, what is -1115034 - -1?
-1115033
In base 10, what is -2 + 113379?
113377
In base 6, what is -1314 - 3510?
-5224
In base 6, what is -135230 - 11?
-135241
In base 12, what is -2 - -313705?
313703
In base 7, what is -3 + -2104165?
-2104201
In base 5, what is 124 - 1434211?
-1434032
In base 2, what is 100110010001001000111 + 0?
100110010001001000111
In base 12, what is -53 - 8a1a?
-8a71
In base 4, what is -31102 - 20013?
-111121
In base 15, what is -5 + ce00?
cdea
In base 12, what is 203 + -196?
29
In base 12, what is -76 - -8b?
15
In base 15, what is -330 + -27c?
-5ac
In base 7, what is 32420 + 2?
32422
In base 11, what is 5451 - -173?
5614
In base 15, what is -19 - 179?
-193
In base 3, what is 2112 - 1120?
222
In base 2, what is -111 - -10011000100110001?
10011000100101010
In base 15, what is -1b2766 + -2?
-1b2768
In base 16, what is -a0 + -2?
-a2
In base 5, what is -2122120 - -120?
-2122000
In base 13, what is -160a08 - -2?
-160a06
In base 4, what is 112 - -12313?
13031
In base 16, what is 13 + -136b4?
-136a1
In base 14, what is a4123 + -5?
a411c
In base 9, what is 74 - -278?
363
In base 14, what is 2 - 1c980?
-1c97c
In base 13, what is -1b8 + 1c?
-199
In base 16, what is -10 + 916?
906
In base 6, what is -101 - 1043542?
-1044043
In base 8, what is -1 + 755?
754
In base 4, what is -211 + 12032112?
12031301
In base 15, what is 2 + -6a49?
-6a47
In base 6, what is -554031 + 5?
-554022
In base 10, what is -266180 - 2?
-266182
In base 10, what is 7473 + 40?
7513
In base 14, what is -5 + 79cd0?
79cc9
In base 8, what is -4 - 42637?
-42643
In base 15, what is 22 + 12c4?
12e6
In base 6, what is 1011223 + -3?
1011220
In base 5, what is -1343 - -34200?
32302
In base 6, what is 45424222 + 3?
45424225
In base 4, what is -10110322333 - -11?
-10110322322
In base 6, what is -11524 - 1?
-11525
In base 15, what is -2 - -162a59?
162a57
In base 6, what is 4 - 32152415?
-32152411
In base 10, what is -25167 - 38?
-25205
In base 2, what is 111100111 + 100?
111101011
In base 12, what is 2 - -774b?
7751
In base 2, what is 11001100001000000 - -100?
11001100001000100
In base 13, what is 0 - -b99?
b99
In base 15, what is 15c11 + -2?
15c0e
In base 10, what is 1095 + -31?
1064
In base 16, what is 7 - 575?
-56e
In base 5, what is 20 - 4244331?
-4244311
In base 3, what is -21122 - -12012?
-2110
In base 6, what is -2 + 4521423?
4521421
In base 8, what is 21302 - -4?
21306
In base 8, what is -7 + -343077?
-343106
In base 9, what is -35855 - 7?
-35863
In base 11, what is 0 - 46373?
-46373
In base 10, what is 3 - -457929?
457932
In base 14, what is -7773 - 1?
-7774
In base 10, what is 9 - 6926?
-6917
In base 11, what is -10 + 5852?
5842
In base 14, what is -1 + -d5c5a?
-d5c5b
In base 15, what is 6 - 1e97?
-1e91
In base 3, what is -121 - -22202000121?
22202000000
In base 8, what is -454 + 4060?
3404
In base 6, what is 1145 + 220?
1405
In base 3, what is 21022 + -102011?
-10212
In base 4, what is -11 - 10301003?
-10301020
In base 6, what is -130034 - -3?
-130031
In base 2, what is 10101000 + 11001001000110?
11001011101110
In base 3, what is 121200000 + 10?
121200010
In base 7, what is 122 - -1361?
1513
In base 16, what is 6047 + -d?
603a
In base 2, what is 1001 - 11000001?
-10111000
In base 4, what is 3003 + 1001?
10010
In base 4, what is -32133230 - 10?
-32133300
In base 3, what is -10 + -212121002012?
-212121002022
In base 11, what is -195 + -11702?
-11897
In base 9, what is 65 - -48531?
48606
In base 13, what is -73b5 + -6?
-73bb
In base 5, what is -142131 + 32?
-142044
In base 6